CRAN Package Check Results for Package BRETIGEA

Last updated on 2025-07-21 09:49:49 CEST.

Flavor Version Tinstall Tcheck Ttotal Status Flags
r-devel-linux-x86_64-debian-clang 1.0.3 2.52 82.46 84.98 NOTE
r-devel-linux-x86_64-debian-gcc 1.0.3 2.23 54.63 56.86 NOTE
r-devel-linux-x86_64-fedora-clang 1.0.3 142.68 OK
r-devel-linux-x86_64-fedora-gcc 1.0.3 153.65 OK
r-devel-windows-x86_64 1.0.3 4.00 100.00 104.00 OK
r-patched-linux-x86_64 1.0.3 2.66 76.93 79.59 OK
r-release-linux-x86_64 1.0.3 2.61 77.08 79.69 OK
r-release-macos-arm64 1.0.3 44.00 OK
r-release-macos-x86_64 1.0.3 92.00 OK
r-release-windows-x86_64 1.0.3 7.00 97.00 104.00 OK
r-oldrel-macos-arm64 1.0.3 47.00 OK
r-oldrel-macos-x86_64 1.0.3 77.00 OK
r-oldrel-windows-x86_64 1.0.3 7.00 113.00 120.00 OK

Check Details

Version: 1.0.3
Check: CRAN incoming feasibility
Result: NOTE Maintainer: ‘Andrew McKenzie <amckenz@gmail.com>’ No Authors@R field in DESCRIPTION. Please add one, modifying Authors@R: c(person(given = "Andrew", family = "McKenzie", role = c("aut", "cre"), email = "amckenz@gmail.com"), person(given = "Minghui", family = "Wang", role = "aut"), person(given = "Bin", family = "Zhang", role = "aut")) as necessary. Flavors: r-devel-linux-x86_64-debian-clang, r-devel-linux-x86_64-debian-gcc