Last updated on 2024-06-29 23:49:49 CEST.
Flavor | Version | Tinstall | Tcheck | Ttotal | Status | Flags |
---|---|---|---|---|---|---|
r-devel-linux-x86_64-debian-clang | 0.8.0 | 80.81 | 348.53 | 429.34 | OK | |
r-devel-linux-x86_64-debian-gcc | 0.8.0 | 60.17 | 247.77 | 307.94 | OK | |
r-devel-linux-x86_64-fedora-clang | 0.8.0 | 530.75 | NOTE | |||
r-devel-linux-x86_64-fedora-gcc | 0.8.0 | 503.32 | NOTE | |||
r-devel-windows-x86_64 | 0.8.0 | 54.00 | 235.00 | 289.00 | NOTE | |
r-patched-linux-x86_64 | 0.8.0 | 0.61 | 2.27 | 2.88 | ERROR | |
r-release-linux-x86_64 | 0.8.0 | 0.68 | 2.25 | 2.93 | ERROR | |
r-release-macos-arm64 | 0.8.0 | 96.00 | NOTE | |||
r-release-macos-x86_64 | 0.8.0 | 8.00 | ERROR | |||
r-release-windows-x86_64 | 0.8.0 | 53.00 | 236.00 | 289.00 | NOTE | |
r-oldrel-macos-arm64 | 0.8.0 | 11.00 | ERROR | |||
r-oldrel-macos-x86_64 | 0.8.0 | 166.00 | NOTE | |||
r-oldrel-windows-x86_64 | 0.8.0 | 68.00 | 296.00 | 364.00 | NOTE |
Version: 0.8.0
Check: installed package size
Result: NOTE
installed size is 7.0Mb
sub-directories of 1Mb or more:
data 4.5Mb
doc 1.6Mb
Flavors: r-devel-linux-x86_64-fedora-clang, r-devel-windows-x86_64, r-release-macos-arm64, r-release-windows-x86_64, r-oldrel-macos-x86_64, r-oldrel-windows-x86_64
Version: 0.8.0
Check: data for non-ASCII characters
Result: NOTE
Note: found 32 marked UTF-8 strings
Flavors: r-devel-linux-x86_64-fedora-clang, r-devel-linux-x86_64-fedora-gcc
Version: 0.8.0
Check: package dependencies
Result: ERROR
Package required but not available: ‘ctsem’
See section ‘The DESCRIPTION file’ in the ‘Writing R Extensions’
manual.
Flavors: r-patched-linux-x86_64, r-release-linux-x86_64, r-release-macos-x86_64, r-oldrel-macos-arm64