Last updated on 2024-05-31 23:54:31 CEST.
Flavor | Version | Tinstall | Tcheck | Ttotal | Status | Flags |
---|---|---|---|---|---|---|
r-devel-linux-x86_64-debian-clang | 1.0.4 | 16.79 | 166.12 | 182.91 | NOTE | |
r-devel-linux-x86_64-debian-gcc | 1.0.4 | 12.26 | 128.87 | 141.13 | NOTE | |
r-devel-linux-x86_64-fedora-clang | 1.0.4 | 237.90 | NOTE | |||
r-devel-linux-x86_64-fedora-gcc | 1.0.4 | 229.79 | NOTE | |||
r-devel-windows-x86_64 | 1.0.4 | 13.00 | 136.00 | 149.00 | NOTE | |
r-patched-linux-x86_64 | 1.0.4 | 13.65 | 159.07 | 172.72 | NOTE | |
r-release-linux-x86_64 | 1.0.4 | 9.29 | 161.43 | 170.72 | NOTE | |
r-release-macos-arm64 | 1.0.4 | 89.00 | NOTE | |||
r-release-windows-x86_64 | 1.0.4 | 13.00 | 136.00 | 149.00 | NOTE | |
r-oldrel-macos-arm64 | 1.0.4 | 80.00 | OK | |||
r-oldrel-macos-x86_64 | 1.0.4 | 137.00 | OK | |||
r-oldrel-windows-x86_64 | 1.0.4 | 17.00 | 167.00 | 184.00 | OK |
Version: 1.0.4
Check: Rd files
Result: NOTE
checkRd: (-1) binary_class_cm.Rd:19: Lost braces in \itemize; \value handles \item{}{} directly
checkRd: (-1) binary_class_cm.Rd:20: Lost braces in \itemize; \value handles \item{}{} directly
checkRd: (-1) binary_class_cm.Rd:21: Lost braces in \itemize; \value handles \item{}{} directly
checkRd: (-1) binary_class_cm.Rd:22: Lost braces in \itemize; \value handles \item{}{} directly
checkRd: (-1) multi_class_cm.Rd:19: Lost braces in \itemize; \value handles \item{}{} directly
checkRd: (-1) multi_class_cm.Rd:20: Lost braces in \itemize; \value handles \item{}{} directly
checkRd: (-1) multi_class_cm.Rd:21: Lost braces in \itemize; \value handles \item{}{} directly
checkRd: (-1) multi_class_cm.Rd:22: Lost braces in \itemize; \value handles \item{}{} directly
Flavors: r-devel-linux-x86_64-debian-clang, r-devel-linux-x86_64-debian-gcc, r-devel-linux-x86_64-fedora-clang, r-devel-linux-x86_64-fedora-gcc, r-devel-windows-x86_64, r-patched-linux-x86_64, r-release-linux-x86_64, r-release-macos-arm64, r-release-windows-x86_64