Last updated on 2024-05-31 23:54:36 CEST.
Flavor | Version | Tinstall | Tcheck | Ttotal | Status | Flags |
---|---|---|---|---|---|---|
r-devel-linux-x86_64-debian-clang | 2.7.4 | 16.16 | 144.70 | 160.86 | NOTE | |
r-devel-linux-x86_64-debian-gcc | 2.7.4 | 10.34 | 105.02 | 115.36 | NOTE | |
r-devel-linux-x86_64-fedora-clang | 2.7.4 | 195.35 | NOTE | |||
r-devel-linux-x86_64-fedora-gcc | 2.7.4 | 181.67 | NOTE | |||
r-devel-windows-x86_64 | 2.7.4 | 15.00 | 139.00 | 154.00 | NOTE | |
r-patched-linux-x86_64 | 2.7.4 | 15.40 | 138.29 | 153.69 | NOTE | |
r-release-linux-x86_64 | 2.7.4 | 11.18 | 137.84 | 149.02 | NOTE | |
r-release-macos-arm64 | 2.7.4 | 54.00 | NOTE | |||
r-release-macos-x86_64 | 2.7.4 | 102.00 | NOTE | |||
r-release-windows-x86_64 | 2.7.4 | 15.00 | 140.00 | 155.00 | NOTE | |
r-oldrel-macos-arm64 | 2.7.4 | 58.00 | NOTE | |||
r-oldrel-macos-x86_64 | 2.7.4 | 96.00 | NOTE | |||
r-oldrel-windows-x86_64 | 2.7.4 | 20.00 | 188.00 | 208.00 | NOTE |
Version: 2.7.4
Check: C++ specification
Result: NOTE
Specified C++11: please drop specification unless essential
Flavors: r-devel-linux-x86_64-debian-clang, r-devel-linux-x86_64-debian-gcc, r-devel-linux-x86_64-fedora-clang, r-devel-linux-x86_64-fedora-gcc, r-devel-windows-x86_64, r-patched-linux-x86_64, r-release-linux-x86_64, r-release-macos-arm64, r-release-macos-x86_64, r-release-windows-x86_64, r-oldrel-macos-arm64, r-oldrel-macos-x86_64, r-oldrel-windows-x86_64