Last updated on 2024-05-31 23:54:37 CEST.
Flavor | Version | Tinstall | Tcheck | Ttotal | Status | Flags |
---|---|---|---|---|---|---|
r-devel-linux-x86_64-debian-clang | 1.2.5 | 45.28 | 217.23 | 262.51 | OK | |
r-devel-linux-x86_64-debian-gcc | 1.2.5 | 42.30 | 153.27 | 195.57 | OK | |
r-devel-linux-x86_64-fedora-clang | 1.2.5 | 323.87 | NOTE | |||
r-devel-linux-x86_64-fedora-gcc | 1.2.5 | 327.94 | NOTE | |||
r-devel-windows-x86_64 | 1.2.5 | 45.00 | 163.00 | 208.00 | OK | |
r-patched-linux-x86_64 | 1.2.5 | 43.84 | 200.11 | 243.95 | OK | |
r-release-linux-x86_64 | 1.2.5 | 34.80 | 200.35 | 235.15 | OK | |
r-release-macos-arm64 | 1.2.5 | 108.00 | OK | |||
r-release-windows-x86_64 | 1.2.5 | 42.00 | 154.00 | 196.00 | OK | |
r-oldrel-macos-arm64 | 1.2.5 | 116.00 | OK | |||
r-oldrel-macos-x86_64 | 1.2.5 | 174.00 | OK | |||
r-oldrel-windows-x86_64 | 1.2.5 | 55.00 | 196.00 | 251.00 | OK |
Version: 1.2.5
Check: data for non-ASCII characters
Result: NOTE
Note: found 356712 marked UTF-8 strings
Flavors: r-devel-linux-x86_64-fedora-clang, r-devel-linux-x86_64-fedora-gcc