Last updated on 2024-05-31 23:54:38 CEST.
Flavor | Version | Tinstall | Tcheck | Ttotal | Status | Flags |
---|---|---|---|---|---|---|
r-devel-linux-x86_64-debian-clang | 1.4.0 | 1.92 | 36.03 | 37.95 | NOTE | |
r-devel-linux-x86_64-debian-gcc | 1.4.0 | 2.50 | 27.51 | 30.01 | NOTE | |
r-devel-linux-x86_64-fedora-clang | 1.4.0 | 49.31 | NOTE | |||
r-devel-linux-x86_64-fedora-gcc | 1.4.0 | 45.84 | NOTE | |||
r-devel-windows-x86_64 | 1.4.0 | 3.00 | 50.00 | 53.00 | NOTE | |
r-patched-linux-x86_64 | 1.4.0 | 3.25 | 34.44 | 37.69 | NOTE | |
r-release-linux-x86_64 | 1.4.0 | 2.56 | 34.54 | 37.10 | NOTE | |
r-release-macos-arm64 | 1.4.0 | 17.00 | NOTE | |||
r-release-windows-x86_64 | 1.4.0 | 3.00 | 50.00 | 53.00 | NOTE | |
r-oldrel-macos-arm64 | 1.4.0 | 19.00 | NOTE | |||
r-oldrel-macos-x86_64 | 1.4.0 | 26.00 | NOTE | |||
r-oldrel-windows-x86_64 | 1.4.0 | 4.00 | 50.00 | 54.00 | NOTE |
Version: 1.4.0
Check: Rd files
Result: NOTE
checkRd: (-1) ks_test_stat.Rd:14: Lost braces
14 | are valid. See /code{LcKS} for accepted functions.}
| ^
Flavors: r-devel-linux-x86_64-debian-clang, r-devel-linux-x86_64-debian-gcc, r-devel-linux-x86_64-fedora-clang, r-devel-linux-x86_64-fedora-gcc, r-devel-windows-x86_64, r-patched-linux-x86_64, r-release-linux-x86_64, r-release-macos-arm64, r-release-windows-x86_64
Version: 1.4.0
Check: LazyData
Result: NOTE
'LazyData' is specified without a 'data' directory
Flavors: r-devel-linux-x86_64-debian-clang, r-devel-linux-x86_64-debian-gcc, r-devel-linux-x86_64-fedora-clang, r-devel-linux-x86_64-fedora-gcc, r-devel-windows-x86_64, r-patched-linux-x86_64, r-release-linux-x86_64, r-release-macos-arm64, r-release-windows-x86_64, r-oldrel-macos-arm64, r-oldrel-macos-x86_64, r-oldrel-windows-x86_64