Last updated on 2025-07-12 18:49:46 CEST.
Flavor | Version | Tinstall | Tcheck | Ttotal | Status | Flags |
---|---|---|---|---|---|---|
r-devel-linux-x86_64-debian-clang | 0.1.2 | 9.07 | 85.25 | 94.32 | NOTE | |
r-devel-linux-x86_64-debian-gcc | 0.1.2 | 6.59 | 62.49 | 69.08 | NOTE | |
r-devel-linux-x86_64-fedora-clang | 0.1.2 | 149.69 | OK | |||
r-devel-linux-x86_64-fedora-gcc | 0.1.2 | 156.63 | OK | |||
r-devel-windows-x86_64 | 0.1.2 | 12.00 | 92.00 | 104.00 | OK | |
r-patched-linux-x86_64 | 0.1.2 | 9.34 | 82.27 | 91.61 | OK | |
r-release-linux-x86_64 | 0.1.2 | 9.92 | 81.79 | 91.71 | OK | |
r-release-macos-arm64 | 0.1.2 | 48.00 | OK | |||
r-release-macos-x86_64 | 0.1.2 | 91.00 | OK | |||
r-release-windows-x86_64 | 0.1.2 | 11.00 | 93.00 | 104.00 | OK | |
r-oldrel-macos-arm64 | 0.1.2 | 46.00 | OK | |||
r-oldrel-macos-x86_64 | 0.1.2 | 74.00 | OK | |||
r-oldrel-windows-x86_64 | 0.1.2 | 14.00 | 117.00 | 131.00 | OK |
Version: 0.1.2
Check: CRAN incoming feasibility
Result: NOTE
Maintainer: ‘Tianchen Qian <t.qian@uci.edu>’
No Authors@R field in DESCRIPTION.
Please add one, modifying
Authors@R: c(person(given = "Eliot",
family = "Wong-Toi",
role = "aut"),
person(given = "Thabat",
family = "Dahdoul",
role = "aut"),
person(given = "Tianchen",
family = "Qian",
role = c("aut", "cre"),
email = "t.qian@uci.edu"))
as necessary.
Flavors: r-devel-linux-x86_64-debian-clang, r-devel-linux-x86_64-debian-gcc