CRAN Package Check Results for Package NST

Last updated on 2025-07-16 03:50:37 CEST.

Flavor Version Tinstall Tcheck Ttotal Status Flags
r-devel-linux-x86_64-debian-clang 3.1.10 10.84 78.91 89.75 NOTE
r-devel-linux-x86_64-debian-gcc 3.1.10 7.01 56.79 63.80 NOTE
r-devel-linux-x86_64-fedora-clang 3.1.10 141.72 OK
r-devel-linux-x86_64-fedora-gcc 3.1.10 131.62 OK
r-devel-windows-x86_64 3.1.10 11.00 94.00 105.00 OK
r-patched-linux-x86_64 3.1.10 10.36 74.94 85.30 OK
r-release-linux-x86_64 3.1.10 9.72 74.49 84.21 OK
r-release-macos-arm64 3.1.10 39.00 OK
r-release-macos-x86_64 3.1.10 74.00 OK
r-release-windows-x86_64 3.1.10 12.00 93.00 105.00 OK
r-oldrel-macos-arm64 3.1.10 38.00 OK
r-oldrel-macos-x86_64 3.1.10 58.00 OK
r-oldrel-windows-x86_64 3.1.10 15.00 112.00 127.00 OK

Check Details

Version: 3.1.10
Check: CRAN incoming feasibility
Result: NOTE Maintainer: ‘Daliang Ning <ningdaliang@ou.edu>’ No Authors@R field in DESCRIPTION. Please add one, modifying Authors@R: person(given = "Daliang", family = "Ning", role = c("aut", "cre"), email = "ningdaliang@ou.edu") as necessary. Flavors: r-devel-linux-x86_64-debian-clang, r-devel-linux-x86_64-debian-gcc