Last updated on 2024-08-10 08:48:16 CEST.
Flavor | Version | Tinstall | Tcheck | Ttotal | Status | Flags |
---|---|---|---|---|---|---|
r-devel-linux-x86_64-debian-clang | 0.0.3 | 2.18 | 40.67 | 42.85 | NOTE | |
r-devel-linux-x86_64-debian-gcc | 0.0.3 | 1.88 | 32.89 | 34.77 | NOTE | |
r-devel-linux-x86_64-fedora-clang | 0.0.3 | 73.66 | NOTE | |||
r-devel-linux-x86_64-fedora-gcc | 0.0.3 | 70.01 | NOTE | |||
r-devel-windows-x86_64 | 0.0.3 | 4.00 | 61.00 | 65.00 | NOTE | |
r-patched-linux-x86_64 | 0.0.3 | 2.54 | 41.80 | 44.34 | NOTE | |
r-release-linux-x86_64 | 0.0.3 | 2.87 | 41.93 | 44.80 | NOTE | |
r-release-macos-arm64 | 0.0.3 | 26.00 | NOTE | |||
r-release-macos-x86_64 | 0.0.3 | 38.00 | NOTE | |||
r-release-windows-x86_64 | 0.0.3 | 4.00 | 63.00 | 67.00 | NOTE | |
r-oldrel-macos-arm64 | 0.0.3 | 30.00 | NOTE | |||
r-oldrel-macos-x86_64 | 0.0.3 | 45.00 | NOTE | |||
r-oldrel-windows-x86_64 | 0.0.3 | 5.00 | 70.00 | 75.00 | NOTE |
Version: 0.0.3
Check: LazyData
Result: NOTE
'LazyData' is specified without a 'data' directory
Flavors: r-devel-linux-x86_64-debian-clang, r-devel-linux-x86_64-debian-gcc, r-devel-linux-x86_64-fedora-clang, r-devel-linux-x86_64-fedora-gcc, r-devel-windows-x86_64, r-patched-linux-x86_64, r-release-linux-x86_64, r-release-macos-arm64, r-release-macos-x86_64, r-release-windows-x86_64, r-oldrel-macos-arm64, r-oldrel-macos-x86_64, r-oldrel-windows-x86_64
Version: 0.0.3
Check: dependencies in R code
Result: NOTE
Namespace in Imports field not imported from: ‘smoothmest’
All declared Imports should be used.
Flavors: r-devel-linux-x86_64-fedora-clang, r-devel-linux-x86_64-fedora-gcc