Last updated on 2024-08-10 08:48:18 CEST.
Flavor | Version | Tinstall | Tcheck | Ttotal | Status | Flags |
---|---|---|---|---|---|---|
r-devel-linux-x86_64-debian-clang | 1.1 | 10.26 | 83.23 | 93.49 | NOTE | |
r-devel-linux-x86_64-debian-gcc | 1.1 | 7.50 | 60.02 | 67.52 | NOTE | |
r-devel-linux-x86_64-fedora-clang | 1.1 | 152.09 | NOTE | |||
r-devel-linux-x86_64-fedora-gcc | 1.1 | 140.20 | NOTE | |||
r-devel-windows-x86_64 | 1.1 | 11.00 | 95.00 | 106.00 | NOTE | |
r-patched-linux-x86_64 | 1.1 | 10.87 | 80.47 | 91.34 | NOTE | |
r-release-linux-x86_64 | 1.1 | 9.82 | 81.10 | 90.92 | NOTE | |
r-release-macos-arm64 | 1.1 | 38.00 | NOTE | |||
r-release-macos-x86_64 | 1.1 | 61.00 | NOTE | |||
r-release-windows-x86_64 | 1.1 | 12.00 | 93.00 | 105.00 | NOTE | |
r-oldrel-macos-arm64 | 1.1 | 29.00 | NOTE | |||
r-oldrel-macos-x86_64 | 1.1 | 40.00 | NOTE | |||
r-oldrel-windows-x86_64 | 1.1 | 16.00 | 112.00 | 128.00 | NOTE |
Version: 1.1
Check: LazyData
Result: NOTE
'LazyData' is specified without a 'data' directory
Flavors: r-devel-linux-x86_64-debian-clang, r-devel-linux-x86_64-debian-gcc, r-devel-linux-x86_64-fedora-clang, r-devel-linux-x86_64-fedora-gcc, r-devel-windows-x86_64, r-patched-linux-x86_64, r-release-linux-x86_64, r-release-macos-arm64, r-release-macos-x86_64, r-release-windows-x86_64, r-oldrel-macos-arm64, r-oldrel-macos-x86_64, r-oldrel-windows-x86_64