Last updated on 2025-07-10 13:50:07 CEST.
Flavor | Version | Tinstall | Tcheck | Ttotal | Status | Flags |
---|---|---|---|---|---|---|
r-devel-linux-x86_64-debian-clang | 1.1.3 | 36.27 | 32.29 | 68.56 | OK | |
r-devel-linux-x86_64-debian-gcc | 1.1.3 | 25.33 | 27.77 | 53.10 | OK | |
r-devel-linux-x86_64-fedora-clang | 1.1.3 | 121.56 | OK | |||
r-devel-linux-x86_64-fedora-gcc | 1.1.3 | 124.18 | OK | |||
r-devel-windows-x86_64 | 1.1.3 | 49.00 | 73.00 | 122.00 | OK | |
r-patched-linux-x86_64 | 1.1.3 | 33.19 | 31.34 | 64.53 | OK | |
r-release-linux-x86_64 | 1.1.3 | 34.74 | 31.35 | 66.09 | OK | |
r-release-macos-arm64 | 1.1.3 | 58.00 | OK | |||
r-release-macos-x86_64 | 1.1.3 | 74.00 | OK | |||
r-release-windows-x86_64 | 1.1.3 | 48.00 | 67.00 | 115.00 | OK | |
r-oldrel-macos-arm64 | 1.1.3 | 48.00 | NOTE | |||
r-oldrel-macos-x86_64 | 1.1.3 | 75.00 | NOTE | |||
r-oldrel-windows-x86_64 | 1.1.3 | 56.00 | 84.00 | 140.00 | OK |
Version: 1.1.3
Check: installed package size
Result: NOTE
installed size is 8.0Mb
sub-directories of 1Mb or more:
libs 7.6Mb
Flavors: r-oldrel-macos-arm64, r-oldrel-macos-x86_64