Last updated on 2024-06-29 23:50:04 CEST.
Flavor | Version | Tinstall | Tcheck | Ttotal | Status | Flags |
---|---|---|---|---|---|---|
r-devel-linux-x86_64-debian-clang | 0.1.6 | 13.31 | 108.80 | 122.11 | NOTE | |
r-devel-linux-x86_64-debian-gcc | 0.1.6 | 8.22 | 80.94 | 89.16 | NOTE | |
r-devel-linux-x86_64-fedora-clang | 0.1.6 | 157.15 | OK | |||
r-devel-linux-x86_64-fedora-gcc | 0.1.6 | 165.48 | OK | |||
r-devel-windows-x86_64 | 0.1.6 | 13.00 | 100.00 | 113.00 | OK | |
r-patched-linux-x86_64 | 0.1.6 | 13.75 | 102.28 | 116.03 | NOTE | |
r-release-linux-x86_64 | 0.1.6 | 9.06 | 103.85 | 112.91 | NOTE | |
r-release-macos-arm64 | 0.1.6 | 51.00 | NOTE | |||
r-release-macos-x86_64 | 0.1.6 | 75.00 | NOTE | |||
r-release-windows-x86_64 | 0.1.6 | 13.00 | 97.00 | 110.00 | OK | |
r-oldrel-macos-arm64 | 0.1.6 | 49.00 | NOTE | |||
r-oldrel-macos-x86_64 | 0.1.6 | 110.00 | NOTE | |||
r-oldrel-windows-x86_64 | 0.1.6 | 16.00 | 119.00 | 135.00 | NOTE |
Version: 0.1.6
Check: package dependencies
Result: NOTE
Package suggested but not available for checking: ‘INLA’
Flavors: r-devel-linux-x86_64-debian-clang, r-devel-linux-x86_64-debian-gcc, r-patched-linux-x86_64, r-release-linux-x86_64, r-release-macos-arm64, r-release-macos-x86_64, r-oldrel-macos-arm64, r-oldrel-macos-x86_64, r-oldrel-windows-x86_64