Last updated on 2024-08-16 12:49:22 CEST.
Flavor | Version | Tinstall | Tcheck | Ttotal | Status | Flags |
---|---|---|---|---|---|---|
r-devel-linux-x86_64-debian-clang | 1.1-2 | 5.08 | 86.62 | 91.70 | OK | |
r-devel-linux-x86_64-debian-gcc | 1.1-2 | 4.02 | 66.06 | 70.08 | OK | |
r-devel-linux-x86_64-fedora-clang | 1.1-2 | 147.49 | NOTE | |||
r-devel-linux-x86_64-fedora-gcc | 1.1-2 | 159.02 | OK | |||
r-devel-windows-x86_64 | 1.1-2 | 7.00 | 377.00 | 384.00 | NOTE | |
r-patched-linux-x86_64 | 1.1-2 | 5.46 | 84.54 | 90.00 | OK | |
r-release-linux-x86_64 | 1.1-2 | 4.35 | 86.90 | 91.25 | OK | |
r-release-macos-arm64 | 1.1-2 | 56.00 | NOTE | |||
r-release-macos-x86_64 | 1.1-2 | 171.00 | NOTE | |||
r-release-windows-x86_64 | 1.1-2 | 8.00 | 375.00 | 383.00 | NOTE | |
r-oldrel-macos-arm64 | 1.1-2 | 56.00 | NOTE | |||
r-oldrel-macos-x86_64 | 1.1-2 | 128.00 | NOTE | |||
r-oldrel-windows-x86_64 | 1.1-2 | 8.00 | 465.00 | 473.00 | NOTE |
Version: 1.1-2
Check: installed package size
Result: NOTE
installed size is 9.0Mb
sub-directories of 1Mb or more:
data 1.1Mb
rda 7.1Mb
Flavors: r-devel-linux-x86_64-fedora-clang, r-devel-windows-x86_64, r-release-macos-arm64, r-release-macos-x86_64, r-release-windows-x86_64, r-oldrel-macos-arm64, r-oldrel-macos-x86_64, r-oldrel-windows-x86_64