Last updated on 2025-07-20 04:51:16 CEST.
Flavor | Version | Tinstall | Tcheck | Ttotal | Status | Flags |
---|---|---|---|---|---|---|
r-devel-linux-x86_64-debian-clang | 1.0 | 9.80 | 88.91 | 98.71 | OK | |
r-devel-linux-x86_64-debian-gcc | 1.0 | 8.16 | 66.09 | 74.25 | OK | |
r-devel-linux-x86_64-fedora-clang | 1.0 | 155.95 | OK | |||
r-devel-linux-x86_64-fedora-gcc | 1.0 | 161.55 | OK | |||
r-devel-windows-x86_64 | 1.0 | 11.00 | 96.00 | 107.00 | OK | |
r-patched-linux-x86_64 | 1.0 | 8.84 | 85.32 | 94.16 | OK | |
r-release-linux-x86_64 | 1.0 | 8.41 | 86.77 | 95.18 | OK | |
r-release-macos-arm64 | 1.0 | 48.00 | OK | |||
r-release-macos-x86_64 | 1.0 | 91.00 | OK | |||
r-release-windows-x86_64 | 1.0 | 11.00 | 96.00 | 107.00 | OK | |
r-oldrel-macos-arm64 | 1.0 | 50.00 | NOTE | |||
r-oldrel-macos-x86_64 | 1.0 | 71.00 | NOTE | |||
r-oldrel-windows-x86_64 | 1.0 | 15.00 | 120.00 | 135.00 | NOTE |
Version: 1.0
Check: package dependencies
Result: NOTE
Package suggested but not available for checking: ‘gurobi’
Flavors: r-oldrel-macos-arm64, r-oldrel-macos-x86_64, r-oldrel-windows-x86_64