Last updated on 2024-05-31 23:54:28 CEST.
Flavor | Version | Tinstall | Tcheck | Ttotal | Status | Flags |
---|---|---|---|---|---|---|
r-devel-linux-x86_64-debian-clang | 1.2 | 35.15 | 225.76 | 260.91 | NOTE | |
r-devel-linux-x86_64-debian-gcc | 1.2 | 26.25 | 164.00 | 190.25 | NOTE | |
r-devel-linux-x86_64-fedora-clang | 1.2 | 327.69 | NOTE | |||
r-devel-linux-x86_64-fedora-gcc | 1.2 | 304.95 | NOTE | |||
r-devel-windows-x86_64 | 1.2 | 30.00 | 148.00 | 178.00 | NOTE | |
r-patched-linux-x86_64 | 1.2 | 44.88 | 215.74 | 260.62 | NOTE | |
r-release-linux-x86_64 | 1.2 | 32.28 | 215.33 | 247.61 | NOTE | |
r-release-macos-arm64 | 1.2 | 77.00 | NOTE | |||
r-release-windows-x86_64 | 1.2 | 33.00 | 150.00 | 183.00 | NOTE | |
r-oldrel-macos-arm64 | 1.2 | 79.00 | OK | |||
r-oldrel-macos-x86_64 | 1.2 | 225.00 | OK | |||
r-oldrel-windows-x86_64 | 1.2 | 42.00 | 195.00 | 237.00 | OK |
Version: 1.2
Check: Rd files
Result: NOTE
checkRd: (-1) EKF_1d_interp_joint.Rd:55: Lost braces; missing escapes or markup?
55 | Prior 1x1 covariance matrix for predicting x_t from x_{t-1}.
| ^
checkRd: (-1) EKF_interp_joint.Rd:65: Lost braces; missing escapes or markup?
65 | Prior 2x2 covariance matrix for predicting x_t from x_{t-1}.
| ^
Flavors: r-devel-linux-x86_64-debian-clang, r-devel-linux-x86_64-debian-gcc, r-devel-linux-x86_64-fedora-clang, r-devel-linux-x86_64-fedora-gcc, r-devel-windows-x86_64, r-patched-linux-x86_64, r-release-linux-x86_64, r-release-macos-arm64, r-release-windows-x86_64