Last updated on 2024-05-31 23:54:29 CEST.
Flavor | Version | Tinstall | Tcheck | Ttotal | Status | Flags |
---|---|---|---|---|---|---|
r-devel-linux-x86_64-debian-clang | 0.8.5 | 36.84 | 136.29 | 173.13 | OK | |
r-devel-linux-x86_64-debian-gcc | 0.8.5 | 26.18 | 102.16 | 128.34 | OK | |
r-devel-linux-x86_64-fedora-clang | 0.8.5 | 221.40 | NOTE | |||
r-devel-linux-x86_64-fedora-gcc | 0.8.5 | 207.38 | NOTE | |||
r-devel-windows-x86_64 | 0.8.5 | 18.00 | 96.00 | 114.00 | OK | |
r-patched-linux-x86_64 | 0.8.5 | 34.32 | 131.40 | 165.72 | OK | |
r-release-linux-x86_64 | 0.8.5 | 24.40 | 132.40 | 156.80 | OK | |
r-release-macos-arm64 | 0.8.5 | 51.00 | OK | |||
r-release-windows-x86_64 | 0.8.5 | 19.00 | 96.00 | 115.00 | OK | |
r-oldrel-macos-arm64 | 0.8.5 | 41.00 | OK | |||
r-oldrel-macos-x86_64 | 0.8.5 | 67.00 | OK | |||
r-oldrel-windows-x86_64 | 0.8.5 | 26.00 | 120.00 | 146.00 | OK |
Version: 0.8.5
Check: dependencies in R code
Result: NOTE
Namespace in Imports field not imported from: ‘dplyr’
All declared Imports should be used.
Flavors: r-devel-linux-x86_64-fedora-clang, r-devel-linux-x86_64-fedora-gcc