Last updated on 2024-08-16 12:49:04 CEST.
Flavor | Version | Tinstall | Tcheck | Ttotal | Status | Flags |
---|---|---|---|---|---|---|
r-devel-linux-x86_64-debian-clang | 4.0.5 | 11.87 | 49.44 | 61.31 | NOTE | |
r-devel-linux-x86_64-debian-gcc | 4.0.5 | 9.49 | 33.93 | 43.42 | NOTE | |
r-devel-linux-x86_64-fedora-clang | 4.0.5 | 99.02 | NOTE | |||
r-devel-linux-x86_64-fedora-gcc | 4.0.5 | 97.75 | NOTE | |||
r-devel-windows-x86_64 | 4.0.5 | 19.00 | 80.00 | 99.00 | NOTE | |
r-patched-linux-x86_64 | 4.0.5 | 15.17 | 46.23 | 61.40 | NOTE | |
r-release-linux-x86_64 | 4.0.5 | 11.03 | 46.18 | 57.21 | NOTE | |
r-release-macos-arm64 | 4.0.5 | 27.00 | NOTE | |||
r-release-macos-x86_64 | 4.0.5 | 70.00 | NOTE | |||
r-release-windows-x86_64 | 4.0.5 | 22.00 | 81.00 | 103.00 | NOTE | |
r-oldrel-macos-arm64 | 4.0.5 | 32.00 | OK | |||
r-oldrel-macos-x86_64 | 4.0.5 | 39.00 | OK | |||
r-oldrel-windows-x86_64 | 4.0.5 | 23.00 | 90.00 | 113.00 | OK |
Version: 4.0.5
Check: Rd files
Result: NOTE
checkRd: (-1) keypos.rd:27: Lost braces
27 | an integer vector of the same length as code{x} containing positions relativ to code{sort(unique(x), na.last=FALSE)}
| ^
checkRd: (-1) keypos.rd:27: Lost braces
27 | an integer vector of the same length as code{x} containing positions relativ to code{sort(unique(x), na.last=FALSE)}
| ^
Flavors: r-devel-linux-x86_64-debian-clang, r-devel-linux-x86_64-debian-gcc, r-devel-linux-x86_64-fedora-clang, r-devel-linux-x86_64-fedora-gcc, r-devel-windows-x86_64, r-patched-linux-x86_64, r-release-linux-x86_64, r-release-macos-arm64, r-release-macos-x86_64, r-release-windows-x86_64
Version: 4.0.5
Check: Rd cross-references
Result: NOTE
Found the following Rd file(s) with Rd \link{} targets missing package
anchors:
bit64-package.rd: bit, bitwhich, &.bit, &.bitwhich
cache.rd: still.identical, na.count, nvalid, is.sorted, nunique,
nties
hashcache.rd: ramsort, ramsortorder, ramorder, nunique
ramsort.integer64.rd: ramsort, ramsortorder, ramorder
sort.integer64.rd: ramsort, ramsortorder
Please provide package anchors for all Rd \link{} targets not in the
package itself and the base packages.
Flavors: r-devel-linux-x86_64-debian-clang, r-devel-linux-x86_64-debian-gcc, r-devel-windows-x86_64