Last updated on 2025-07-16 03:50:29 CEST.
Flavor | Version | Tinstall | Tcheck | Ttotal | Status | Flags |
---|---|---|---|---|---|---|
r-devel-linux-x86_64-debian-clang | 0.2.4 | 100.44 | 28.04 | 128.48 | OK | |
r-devel-linux-x86_64-debian-gcc | 0.2.4 | 92.23 | 30.55 | 122.78 | OK | |
r-devel-linux-x86_64-fedora-clang | 0.2.4 | 213.69 | OK | |||
r-devel-linux-x86_64-fedora-gcc | 0.2.4 | 294.56 | OK | |||
r-devel-windows-x86_64 | 0.2.4 | 105.00 | 85.00 | 190.00 | OK | |
r-patched-linux-x86_64 | 0.2.4 | 126.64 | 36.40 | 163.04 | OK | |
r-release-linux-x86_64 | 0.2.4 | 122.15 | 36.47 | 158.62 | OK | |
r-release-macos-arm64 | 0.2.4 | 86.00 | OK | |||
r-release-macos-x86_64 | 0.2.4 | 142.00 | OK | |||
r-release-windows-x86_64 | 0.2.4 | 108.00 | 90.00 | 198.00 | OK | |
r-oldrel-macos-arm64 | 0.2.4 | 83.00 | NOTE | |||
r-oldrel-macos-x86_64 | 0.2.4 | 169.00 | NOTE | |||
r-oldrel-windows-x86_64 | 0.2.4 | 130.00 | 94.00 | 224.00 | OK |
Version: 0.2.4
Check: installed package size
Result: NOTE
installed size is 50.5Mb
sub-directories of 1Mb or more:
libs 49.5Mb
Flavors: r-oldrel-macos-arm64, r-oldrel-macos-x86_64