Last updated on 2024-05-31 23:54:34 CEST.
Flavor | Version | Tinstall | Tcheck | Ttotal | Status | Flags |
---|---|---|---|---|---|---|
r-devel-linux-x86_64-debian-clang | 1.1.1 | 300.93 | 107.39 | 408.32 | OK | |
r-devel-linux-x86_64-debian-gcc | 1.1.1 | 200.50 | 76.13 | 276.63 | OK | |
r-devel-linux-x86_64-fedora-clang | 1.1.1 | 506.87 | OK | |||
r-devel-linux-x86_64-fedora-gcc | 1.1.1 | 568.56 | OK | |||
r-devel-windows-x86_64 | 1.1.1 | 180.00 | 112.00 | 292.00 | OK | |
r-patched-linux-x86_64 | 1.1.1 | 238.66 | 102.80 | 341.46 | OK | |
r-release-linux-x86_64 | 1.1.1 | 237.68 | 100.82 | 338.50 | OK | |
r-release-macos-arm64 | 1.1.1 | 119.00 | NOTE | |||
r-release-windows-x86_64 | 1.1.1 | 187.00 | 114.00 | 301.00 | OK | |
r-oldrel-macos-arm64 | 1.1.1 | 130.00 | NOTE | |||
r-oldrel-macos-x86_64 | 1.1.1 | 272.00 | NOTE | |||
r-oldrel-windows-x86_64 | 1.1.1 | 226.00 | 138.00 | 364.00 | OK |
Version: 1.1.1
Check: installed package size
Result: NOTE
installed size is 25.5Mb
sub-directories of 1Mb or more:
libs 25.1Mb
Flavors: r-release-macos-arm64, r-oldrel-macos-arm64, r-oldrel-macos-x86_64