Last updated on 2024-05-31 23:54:34 CEST.
Flavor | Version | Tinstall | Tcheck | Ttotal | Status | Flags |
---|---|---|---|---|---|---|
r-devel-linux-x86_64-debian-clang | 1.0.7 | 21.24 | 476.36 | 497.60 | OK | |
r-devel-linux-x86_64-debian-gcc | 1.0.7 | 13.10 | 356.48 | 369.58 | OK | |
r-devel-linux-x86_64-fedora-clang | 1.0.7 | 536.58 | NOTE | |||
r-devel-linux-x86_64-fedora-gcc | 1.0.7 | 661.04 | NOTE | |||
r-devel-windows-x86_64 | 1.0.7 | 18.00 | 358.00 | 376.00 | NOTE | |
r-patched-linux-x86_64 | 1.0.7 | 25.40 | 459.70 | 485.10 | OK | |
r-release-linux-x86_64 | 1.0.7 | 20.50 | 457.80 | 478.30 | OK | |
r-release-macos-arm64 | 1.0.7 | 200.00 | NOTE | |||
r-release-windows-x86_64 | 1.0.7 | 16.00 | 367.00 | 383.00 | NOTE | |
r-oldrel-macos-arm64 | 1.0.7 | 162.00 | NOTE | |||
r-oldrel-macos-x86_64 | 1.0.7 | 254.00 | NOTE | |||
r-oldrel-windows-x86_64 | 1.0.7 | 25.00 | 475.00 | 500.00 | NOTE |
Version: 1.0.7
Check: installed package size
Result: NOTE
installed size is 5.6Mb
sub-directories of 1Mb or more:
doc 5.0Mb
Flavors: r-devel-linux-x86_64-fedora-clang, r-devel-windows-x86_64, r-release-macos-arm64, r-release-windows-x86_64, r-oldrel-macos-arm64, r-oldrel-macos-x86_64, r-oldrel-windows-x86_64
Version: 1.0.7
Check: dependencies in R code
Result: NOTE
Namespace in Imports field not imported from: ‘tidyselect’
All declared Imports should be used.
Flavors: r-devel-linux-x86_64-fedora-clang, r-devel-linux-x86_64-fedora-gcc