Last updated on 2024-05-31 23:54:34 CEST.
Flavor | Version | Tinstall | Tcheck | Ttotal | Status | Flags |
---|---|---|---|---|---|---|
r-devel-linux-x86_64-debian-clang | 5.0.19 | 10.79 | 356.23 | 367.02 | NOTE | |
r-devel-linux-x86_64-debian-gcc | 5.0.19 | 7.15 | 252.43 | 259.58 | NOTE | |
r-devel-linux-x86_64-fedora-clang | 5.0.19 | 453.30 | NOTE | |||
r-devel-linux-x86_64-fedora-gcc | 5.0.19 | 436.41 | NOTE | |||
r-devel-windows-x86_64 | 5.0.19 | 9.00 | 276.00 | 285.00 | NOTE | |
r-patched-linux-x86_64 | 5.0.19 | 11.47 | 338.85 | 350.32 | NOTE | |
r-release-linux-x86_64 | 5.0.19 | 5.93 | 342.61 | 348.54 | NOTE | |
r-release-macos-arm64 | 5.0.19 | 107.00 | NOTE | |||
r-release-windows-x86_64 | 5.0.19 | 8.00 | 278.00 | 286.00 | NOTE | |
r-oldrel-macos-arm64 | 5.0.19 | 107.00 | NOTE | |||
r-oldrel-macos-x86_64 | 5.0.19 | 187.00 | NOTE | |||
r-oldrel-windows-x86_64 | 5.0.19 | 11.00 | 378.00 | 389.00 | NOTE |
Version: 5.0.19
Check: LazyData
Result: NOTE
'LazyData' is specified without a 'data' directory
Flavors: r-devel-linux-x86_64-debian-clang, r-devel-linux-x86_64-debian-gcc, r-devel-linux-x86_64-fedora-clang, r-devel-linux-x86_64-fedora-gcc, r-devel-windows-x86_64, r-patched-linux-x86_64, r-release-linux-x86_64, r-release-macos-arm64, r-release-windows-x86_64, r-oldrel-macos-arm64, r-oldrel-macos-x86_64, r-oldrel-windows-x86_64