Last updated on 2024-08-16 12:49:08 CEST.
Flavor | Version | Tinstall | Tcheck | Ttotal | Status | Flags |
---|---|---|---|---|---|---|
r-devel-linux-x86_64-debian-clang | 0.2.1 | 5.93 | 58.28 | 64.21 | OK | |
r-devel-linux-x86_64-debian-gcc | 0.2.1 | 3.94 | 44.65 | 48.59 | OK | |
r-devel-linux-x86_64-fedora-clang | 0.2.1 | 105.00 | NOTE | |||
r-devel-linux-x86_64-fedora-gcc | 0.2.1 | 112.86 | OK | |||
r-devel-windows-x86_64 | 0.2.1 | 11.00 | 88.00 | 99.00 | OK | |
r-patched-linux-x86_64 | 0.2.1 | 6.05 | 55.88 | 61.93 | OK | |
r-release-linux-x86_64 | 0.2.1 | 5.76 | 55.37 | 61.13 | OK | |
r-release-macos-arm64 | 0.2.1 | 50.00 | OK | |||
r-release-macos-x86_64 | 0.2.1 | 109.00 | OK | |||
r-release-windows-x86_64 | 0.2.1 | 12.00 | 88.00 | 100.00 | OK | |
r-oldrel-macos-arm64 | 0.2.1 | 54.00 | ERROR | |||
r-oldrel-macos-x86_64 | 0.2.1 | 88.00 | ERROR | |||
r-oldrel-windows-x86_64 | 0.2.1 | 13.00 | 96.00 | 109.00 | OK |
Version: 0.2.1
Check: installed package size
Result: NOTE
installed size is 5.1Mb
sub-directories of 1Mb or more:
assets 2.9Mb
doc 1.5Mb
Flavor: r-devel-linux-x86_64-fedora-clang
Version: 0.2.1
Check: running R code from vignettes
Result: ERROR
Errors in running code in vignettes:
when running code in ‘fresh.Rmd’
...
> mytheme <- create_theme(theme = "default", bs_vars_navbar(default_bg = "#75b8d1",
+ default_color = "#FFFFFF", default_link_color = "#FFFFFF", .... [TRUNCATED]
> navbarPage(title = "Custom navbar", header = tagList(use_theme(mytheme)),
+ tabPanel("Tab 1"), tabPanel("Tab 2"))
When sourcing ‘fresh.R’:
Error: could not find function "navbarPage"
Execution halted
‘fresh.Rmd’ using ‘UTF-8’... failed
‘vars-bs4dash.Rmd’ using ‘UTF-8’... [1s/1s] OK
‘vars-shiny.Rmd’ using ‘UTF-8’... [1s/1s] OK
‘vars-shinydashboard.Rmd’ using ‘UTF-8’... [1s/1s] OK
Flavors: r-oldrel-macos-arm64, r-oldrel-macos-x86_64