Last updated on 2024-05-31 23:54:36 CEST.
Flavor | Version | Tinstall | Tcheck | Ttotal | Status | Flags |
---|---|---|---|---|---|---|
r-devel-linux-x86_64-debian-clang | 0.1.5 | 43.76 | 44.58 | 88.34 | NOTE | |
r-devel-linux-x86_64-debian-gcc | 0.1.5 | 31.11 | 33.53 | 64.64 | NOTE | |
r-devel-linux-x86_64-fedora-clang | 0.1.5 | 121.03 | NOTE | |||
r-devel-linux-x86_64-fedora-gcc | 0.1.5 | 131.03 | NOTE | |||
r-devel-windows-x86_64 | 0.1.5 | 38.00 | 72.00 | 110.00 | NOTE | |
r-patched-linux-x86_64 | 0.1.5 | 39.62 | 41.36 | 80.98 | NOTE | |
r-release-linux-x86_64 | 0.1.5 | 46.84 | 42.42 | 89.26 | NOTE | |
r-release-macos-arm64 | 0.1.5 | 33.00 | NOTE | |||
r-release-windows-x86_64 | 0.1.5 | 38.00 | 72.00 | 110.00 | NOTE | |
r-oldrel-macos-arm64 | 0.1.5 | 36.00 | NOTE | |||
r-oldrel-macos-x86_64 | 0.1.5 | 57.00 | NOTE | |||
r-oldrel-windows-x86_64 | 0.1.5 | 46.00 | 83.00 | 129.00 | NOTE |
Version: 0.1.5
Check: C++ specification
Result: NOTE
Specified C++11: please drop specification unless essential
Flavors: r-devel-linux-x86_64-debian-clang, r-devel-linux-x86_64-debian-gcc, r-devel-linux-x86_64-fedora-clang, r-devel-linux-x86_64-fedora-gcc, r-devel-windows-x86_64, r-patched-linux-x86_64, r-release-linux-x86_64, r-release-macos-arm64, r-release-windows-x86_64, r-oldrel-macos-arm64, r-oldrel-macos-x86_64, r-oldrel-windows-x86_64