Last updated on 2024-05-31 23:54:36 CEST.
Flavor | Version | Tinstall | Tcheck | Ttotal | Status | Flags |
---|---|---|---|---|---|---|
r-devel-linux-x86_64-debian-clang | 0.3.0 | 20.40 | 35.59 | 55.99 | OK | |
r-devel-linux-x86_64-debian-gcc | 0.3.0 | 20.27 | 28.46 | 48.73 | OK | |
r-devel-linux-x86_64-fedora-clang | 0.3.0 | 76.65 | NOTE | |||
r-devel-linux-x86_64-fedora-gcc | 0.3.0 | 74.36 | NOTE | |||
r-devel-windows-x86_64 | 0.3.0 | 21.00 | 48.00 | 69.00 | OK | |
r-patched-linux-x86_64 | 0.3.0 | 21.64 | 34.61 | 56.25 | OK | |
r-release-linux-x86_64 | 0.3.0 | 21.09 | 34.86 | 55.95 | OK | |
r-release-macos-arm64 | 0.3.0 | 33.00 | OK | |||
r-release-windows-x86_64 | 0.3.0 | 21.00 | 48.00 | 69.00 | OK | |
r-oldrel-macos-arm64 | 0.3.0 | 36.00 | OK | |||
r-oldrel-macos-x86_64 | 0.3.0 | 53.00 | OK | |||
r-oldrel-windows-x86_64 | 0.3.0 | 21.00 | 51.00 | 72.00 | OK |
Version: 0.3.0
Check: data for non-ASCII characters
Result: NOTE
Note: found 42384 marked UTF-8 strings
Flavors: r-devel-linux-x86_64-fedora-clang, r-devel-linux-x86_64-fedora-gcc