Last updated on 2024-06-29 23:49:55 CEST.
Flavor | Version | Tinstall | Tcheck | Ttotal | Status | Flags |
---|---|---|---|---|---|---|
r-devel-linux-x86_64-debian-clang | 0.6.11 | 234.63 | 119.62 | 354.25 | OK | |
r-devel-linux-x86_64-debian-gcc | 0.6.11 | 202.24 | 106.38 | 308.62 | OK | |
r-devel-linux-x86_64-fedora-clang | 0.6.11 | 457.11 | OK | |||
r-devel-linux-x86_64-fedora-gcc | 0.6.11 | 571.61 | OK | |||
r-devel-windows-x86_64 | 0.6.11 | 174.00 | 157.00 | 331.00 | OK | |
r-patched-linux-x86_64 | 0.6.11 | 231.79 | 133.57 | 365.36 | OK | |
r-release-linux-x86_64 | 0.6.11 | 250.22 | 130.31 | 380.53 | OK | |
r-release-macos-arm64 | 0.6.11 | 114.00 | NOTE | |||
r-release-macos-x86_64 | 0.6.11 | 156.00 | NOTE | |||
r-release-windows-x86_64 | 0.6.11 | 175.00 | 146.00 | 321.00 | OK | |
r-oldrel-macos-arm64 | 0.6.11 | 114.00 | NOTE | |||
r-oldrel-macos-x86_64 | 0.6.11 | 182.00 | NOTE | |||
r-oldrel-windows-x86_64 | 0.6.11 | 233.00 | 157.00 | 390.00 | OK |
Version: 0.6.11
Check: installed package size
Result: NOTE
installed size is 108.9Mb
sub-directories of 1Mb or more:
doc 1.6Mb
libs 106.6Mb
Flavors: r-release-macos-arm64, r-release-macos-x86_64, r-oldrel-macos-arm64, r-oldrel-macos-x86_64