Last updated on 2024-06-29 23:49:56 CEST.
Flavor | Version | Tinstall | Tcheck | Ttotal | Status | Flags |
---|---|---|---|---|---|---|
r-devel-linux-x86_64-debian-clang | 1.0.0 | 8.85 | 61.15 | 70.00 | NOTE | |
r-devel-linux-x86_64-debian-gcc | 1.0.0 | 5.73 | 46.80 | 52.53 | NOTE | |
r-devel-linux-x86_64-fedora-clang | 1.0.0 | 85.99 | NOTE | |||
r-devel-linux-x86_64-fedora-gcc | 1.0.0 | 81.16 | NOTE | |||
r-devel-windows-x86_64 | 1.0.0 | 7.00 | 61.00 | 68.00 | NOTE | |
r-patched-linux-x86_64 | 1.0.0 | 7.10 | 59.08 | 66.18 | NOTE | |
r-release-linux-x86_64 | 1.0.0 | 7.59 | 59.65 | 67.24 | NOTE | |
r-release-macos-arm64 | 1.0.0 | 27.00 | NOTE | |||
r-release-macos-x86_64 | 1.0.0 | 66.00 | NOTE | |||
r-release-windows-x86_64 | 1.0.0 | 7.00 | 60.00 | 67.00 | NOTE | |
r-oldrel-macos-arm64 | 1.0.0 | 29.00 | NOTE | |||
r-oldrel-macos-x86_64 | 1.0.0 | 48.00 | NOTE | |||
r-oldrel-windows-x86_64 | 1.0.0 | 8.00 | 69.00 | 77.00 | NOTE |
Version: 1.0.0
Check: LazyData
Result: NOTE
'LazyData' is specified without a 'data' directory
Flavors: r-devel-linux-x86_64-debian-clang, r-devel-linux-x86_64-debian-gcc, r-devel-linux-x86_64-fedora-clang, r-devel-linux-x86_64-fedora-gcc, r-devel-windows-x86_64, r-patched-linux-x86_64, r-release-linux-x86_64, r-release-macos-arm64, r-release-macos-x86_64, r-release-windows-x86_64, r-oldrel-macos-arm64, r-oldrel-macos-x86_64, r-oldrel-windows-x86_64