Last updated on 2024-05-31 23:54:39 CEST.
Flavor | Version | Tinstall | Tcheck | Ttotal | Status | Flags |
---|---|---|---|---|---|---|
r-devel-linux-x86_64-debian-clang | 0.3.0 | 2.78 | 39.81 | 42.59 | OK | |
r-devel-linux-x86_64-debian-gcc | 0.3.0 | 2.43 | 29.44 | 31.87 | OK | |
r-devel-linux-x86_64-fedora-clang | 0.3.0 | 52.72 | NOTE | |||
r-devel-linux-x86_64-fedora-gcc | 0.3.0 | 53.30 | NOTE | |||
r-devel-windows-x86_64 | 0.3.0 | 4.00 | 53.00 | 57.00 | OK | |
r-patched-linux-x86_64 | 0.3.0 | 4.33 | 38.60 | 42.93 | OK | |
r-release-linux-x86_64 | 0.3.0 | 3.69 | 38.17 | 41.86 | OK | |
r-release-macos-arm64 | 0.3.0 | 22.00 | OK | |||
r-release-windows-x86_64 | 0.3.0 | 4.00 | 52.00 | 56.00 | OK | |
r-oldrel-macos-arm64 | 0.3.0 | 24.00 | OK | |||
r-oldrel-macos-x86_64 | 0.3.0 | 32.00 | OK | |||
r-oldrel-windows-x86_64 | 0.3.0 | 4.00 | 57.00 | 61.00 | OK |
Version: 0.3.0
Check: dependencies in R code
Result: NOTE
Namespace in Imports field not imported from: ‘progress’
All declared Imports should be used.
Flavors: r-devel-linux-x86_64-fedora-clang, r-devel-linux-x86_64-fedora-gcc