Last updated on 2024-05-31 23:54:40 CEST.
Flavor | Version | Tinstall | Tcheck | Ttotal | Status | Flags |
---|---|---|---|---|---|---|
r-devel-linux-x86_64-debian-clang | 2.0.0 | 17.51 | 260.82 | 278.33 | NOTE | |
r-devel-linux-x86_64-debian-gcc | 2.0.0 | 15.70 | 187.40 | 203.10 | NOTE | |
r-devel-linux-x86_64-fedora-clang | 2.0.0 | 341.34 | NOTE | |||
r-devel-linux-x86_64-fedora-gcc | 2.0.0 | 340.19 | NOTE | |||
r-devel-windows-x86_64 | 2.0.0 | 15.00 | 188.00 | 203.00 | NOTE | |
r-patched-linux-x86_64 | 2.0.0 | 12.35 | 247.70 | 260.05 | NOTE | |
r-release-linux-x86_64 | 2.0.0 | 11.04 | 251.80 | 262.84 | NOTE | |
r-release-macos-arm64 | 2.0.0 | 103.00 | NOTE | |||
r-release-windows-x86_64 | 2.0.0 | 14.00 | 189.00 | 203.00 | NOTE | |
r-oldrel-macos-arm64 | 2.0.0 | 108.00 | NOTE | |||
r-oldrel-macos-x86_64 | 2.0.0 | 180.00 | NOTE | |||
r-oldrel-windows-x86_64 | 2.0.0 | 20.00 | 228.00 | 248.00 | NOTE |
Version: 2.0.0
Check: package dependencies
Result: NOTE
Package suggested but not available for checking: ‘gurobi’
Flavors: r-devel-linux-x86_64-debian-clang, r-devel-linux-x86_64-debian-gcc, r-devel-linux-x86_64-fedora-clang, r-devel-linux-x86_64-fedora-gcc, r-devel-windows-x86_64, r-patched-linux-x86_64, r-release-linux-x86_64, r-release-macos-arm64, r-release-windows-x86_64, r-oldrel-macos-arm64, r-oldrel-macos-x86_64, r-oldrel-windows-x86_64