Last updated on 2024-05-31 23:54:46 CEST.
Flavor | Version | Tinstall | Tcheck | Ttotal | Status | Flags |
---|---|---|---|---|---|---|
r-devel-linux-x86_64-debian-clang | 0.60.0 | 12.61 | 122.84 | 135.45 | OK | |
r-devel-linux-x86_64-debian-gcc | 0.60.0 | 12.89 | 86.34 | 99.23 | OK | |
r-devel-linux-x86_64-fedora-clang | 0.60.0 | 166.31 | NOTE | |||
r-devel-linux-x86_64-fedora-gcc | 0.60.0 | 157.03 | NOTE | |||
r-devel-windows-x86_64 | 0.60.0 | 15.00 | 107.00 | 122.00 | OK | |
r-patched-linux-x86_64 | 0.60.0 | 21.13 | 115.79 | 136.92 | OK | |
r-release-linux-x86_64 | 0.60.0 | 14.14 | 114.39 | 128.53 | OK | |
r-release-macos-arm64 | 0.60.0 | 45.00 | OK | |||
r-release-windows-x86_64 | 0.60.0 | 15.00 | 113.00 | 128.00 | OK | |
r-oldrel-macos-arm64 | 0.60.0 | 47.00 | OK | |||
r-oldrel-macos-x86_64 | 0.60.0 | 103.00 | OK | |||
r-oldrel-windows-x86_64 | 0.60.0 | 18.00 | 130.00 | 148.00 | OK |
Version: 0.60.0
Check: data for non-ASCII characters
Result: NOTE
Note: found 1 marked UTF-8 string
Flavors: r-devel-linux-x86_64-fedora-clang, r-devel-linux-x86_64-fedora-gcc