CRAN Package Check Results for Package shinySearchbar

Last updated on 2025-07-16 03:50:43 CEST.

Flavor Version Tinstall Tcheck Ttotal Status Flags
r-devel-linux-x86_64-debian-clang 1.0.0 3.42 33.86 37.28 OK
r-devel-linux-x86_64-debian-gcc 1.0.0 2.31 26.22 28.53 OK
r-devel-linux-x86_64-fedora-clang 1.0.0 56.00 OK
r-devel-linux-x86_64-fedora-gcc 1.0.0 53.55 OK
r-devel-windows-x86_64 1.0.0 6.00 53.00 59.00 OK
r-patched-linux-x86_64 1.0.0 3.56 31.23 34.79 OK
r-release-linux-x86_64 1.0.0 3.42 31.23 34.65 OK
r-release-macos-arm64 1.0.0 25.00 OK
r-release-macos-x86_64 1.0.0 36.00 OK
r-release-windows-x86_64 1.0.0 6.00 60.00 66.00 OK
r-oldrel-macos-arm64 1.0.0 20.00 NOTE
r-oldrel-macos-x86_64 1.0.0 30.00 NOTE
r-oldrel-windows-x86_64 1.0.0 8.00 64.00 72.00 NOTE

Check Details

Version: 1.0.0
Check: LazyData
Result: NOTE 'LazyData' is specified without a 'data' directory Flavors: r-oldrel-macos-arm64, r-oldrel-macos-x86_64, r-oldrel-windows-x86_64