Last updated on 2024-08-16 12:49:21 CEST.
Flavor | Version | Tinstall | Tcheck | Ttotal | Status | Flags |
---|---|---|---|---|---|---|
r-devel-linux-x86_64-debian-clang | 0.5.1 | 36.87 | 466.04 | 502.91 | NOTE | |
r-devel-linux-x86_64-debian-gcc | 0.5.1 | 23.97 | 319.34 | 343.31 | NOTE | |
r-devel-linux-x86_64-fedora-clang | 0.5.1 | 1180.19 | NOTE | |||
r-devel-linux-x86_64-fedora-gcc | 0.5.1 | 1179.42 | NOTE | |||
r-devel-windows-x86_64 | 0.5.1 | 49.00 | 406.00 | 455.00 | NOTE | |
r-patched-linux-x86_64 | 0.5.1 | 33.11 | 457.80 | 490.91 | OK | |
r-release-linux-x86_64 | 0.5.1 | 34.45 | 458.59 | 493.04 | OK | |
r-release-macos-arm64 | 0.5.1 | 179.00 | OK | |||
r-release-macos-x86_64 | 0.5.1 | 307.00 | OK | |||
r-release-windows-x86_64 | 0.5.1 | 49.00 | 409.00 | 458.00 | OK | |
r-oldrel-macos-arm64 | 0.5.1 | 171.00 | OK | |||
r-oldrel-macos-x86_64 | 0.5.1 | 440.00 | OK | |||
r-oldrel-windows-x86_64 | 0.5.1 | 62.00 | 532.00 | 594.00 | OK |
Version: 0.5.1
Check: compiled code
Result: NOTE
File ‘spatialsample/libs/spatialsample.so’:
Found non-API calls to R: ‘SETLENGTH’, ‘SET_GROWABLE_BIT’,
‘SET_TRUELENGTH’
Compiled code should not call non-API entry points in R.
See ‘Writing portable packages’ in the ‘Writing R Extensions’ manual,
and section ‘Moving into C API compliance’ for issues with the use of
non-API entry points.
Flavors: r-devel-linux-x86_64-debian-clang, r-devel-linux-x86_64-debian-gcc, r-devel-linux-x86_64-fedora-clang, r-devel-linux-x86_64-fedora-gcc
Version: 0.5.1
Check: compiled code
Result: NOTE
File 'spatialsample/libs/x64/spatialsample.dll':
Found non-API calls to R: 'SETLENGTH', 'SET_GROWABLE_BIT',
'SET_TRUELENGTH'
Compiled code should not call non-API entry points in R.
See 'Writing portable packages' in the 'Writing R Extensions' manual,
and section 'Moving into C API compliance' for issues with the use of
non-API entry points.
Flavor: r-devel-windows-x86_64