Last updated on 2024-05-31 23:54:49 CEST.
Flavor | Version | Tinstall | Tcheck | Ttotal | Status | Flags |
---|---|---|---|---|---|---|
r-devel-linux-x86_64-debian-clang | 1.0.0-1.1.2 | 5.87 | 81.55 | 87.42 | NOTE | |
r-devel-linux-x86_64-debian-gcc | 1.0.0-1.1.2 | 6.33 | 61.59 | 67.92 | NOTE | |
r-devel-linux-x86_64-fedora-clang | 1.0.0-1.1.2 | 114.64 | NOTE | |||
r-devel-linux-x86_64-fedora-gcc | 1.0.0-1.1.2 | 124.00 | NOTE | |||
r-devel-windows-x86_64 | 1.0.0-1.1.2 | 8.00 | 89.00 | 97.00 | NOTE | |
r-patched-linux-x86_64 | 1.0.0-1.1.2 | 10.47 | 76.85 | 87.32 | NOTE | |
r-release-linux-x86_64 | 1.0.0-1.1.2 | 7.73 | 76.76 | 84.49 | NOTE | |
r-release-macos-arm64 | 1.0.0-1.1.2 | 42.00 | NOTE | |||
r-release-windows-x86_64 | 1.0.0-1.1.2 | 8.00 | 89.00 | 97.00 | NOTE | |
r-oldrel-macos-arm64 | 1.0.0-1.1.2 | 48.00 | OK | |||
r-oldrel-macos-x86_64 | 1.0.0-1.1.2 | 68.00 | OK | |||
r-oldrel-windows-x86_64 | 1.0.0-1.1.2 | 10.00 | 101.00 | 111.00 | OK |
Version: 1.0.0-1.1.2
Check: Rd files
Result: NOTE
checkRd: (-1) setup_sql_functions.Rd:5: Lost braces; missing escapes or markup?
5 | \title{Install {timeseriesdb} System Functions}
| ^
checkRd: (-1) setup_sql_functions.Rd:17: Lost braces; missing escapes or markup?
17 | Installs functions needed to operated {timeseriesdb} in
| ^
checkRd: (-1) setup_sql_grant_rights.Rd:5: Lost braces; missing escapes or markup?
5 | \title{Grant execute on {timeseriesdb} functions}
| ^
checkRd: (-1) setup_sql_grant_rights.Rd:17: Lost braces; missing escapes or markup?
17 | Grant execute on {timeseriesdb} functions
| ^
checkRd: (-1) setup_sql_tables.Rd:5: Lost braces; missing escapes or markup?
5 | \title{Install {timeseriesdb} System Tables}
| ^
checkRd: (-1) setup_sql_tables.Rd:17: Lost braces; missing escapes or markup?
17 | Installs tables needed to operated {timeseriesdb} in
| ^
checkRd: (-1) setup_sql_triggers.Rd:5: Lost braces; missing escapes or markup?
5 | \title{Install {timeseriesdb} Triggers}
| ^
Flavors: r-devel-linux-x86_64-debian-clang, r-devel-linux-x86_64-debian-gcc, r-devel-linux-x86_64-fedora-clang, r-devel-linux-x86_64-fedora-gcc, r-devel-windows-x86_64, r-patched-linux-x86_64, r-release-linux-x86_64, r-release-macos-arm64, r-release-windows-x86_64