Last updated on 2024-05-31 23:54:51 CEST.
Flavor | Version | Tinstall | Tcheck | Ttotal | Status | Flags |
---|---|---|---|---|---|---|
r-devel-linux-x86_64-debian-clang | 1.1.30 | 60.97 | 277.68 | 338.65 | OK | |
r-devel-linux-x86_64-debian-gcc | 1.1.30 | 43.39 | 195.71 | 239.10 | OK | |
r-devel-linux-x86_64-fedora-clang | 1.1.30 | 380.21 | NOTE | |||
r-devel-linux-x86_64-fedora-gcc | 1.1.30 | 424.94 | OK | |||
r-devel-windows-x86_64 | 1.1.30 | 44.00 | 245.00 | 289.00 | NOTE | |
r-patched-linux-x86_64 | 1.1.30 | 36.77 | 264.27 | 301.04 | OK | |
r-release-linux-x86_64 | 1.1.30 | 34.51 | 266.14 | 300.65 | OK | |
r-release-macos-arm64 | 1.1.30 | 112.00 | NOTE | |||
r-release-macos-x86_64 | 1.1.30 | 240.00 | NOTE | |||
r-release-windows-x86_64 | 1.1.30 | 49.00 | 239.00 | 288.00 | NOTE | |
r-oldrel-macos-arm64 | 1.1.30 | 108.00 | NOTE | |||
r-oldrel-macos-x86_64 | 1.1.30 | 230.00 | NOTE | |||
r-oldrel-windows-x86_64 | 1.1.30 | 59.00 | 297.00 | 356.00 | NOTE |
Version: 1.1.30
Check: installed package size
Result: NOTE
installed size is 8.2Mb
sub-directories of 1Mb or more:
R 1.1Mb
doc 6.4Mb
Flavors: r-devel-linux-x86_64-fedora-clang, r-devel-windows-x86_64, r-release-macos-arm64, r-release-macos-x86_64, r-release-windows-x86_64, r-oldrel-macos-arm64, r-oldrel-macos-x86_64, r-oldrel-windows-x86_64
Version: 1.1.30
Check: package vignettes
Result: NOTE
Package has ‘vignettes’ subdirectory but apparently no vignettes.
Perhaps the ‘VignetteBuilder’ information is missing from the
DESCRIPTION file?
Flavor: r-devel-linux-x86_64-fedora-clang